emainder when (-5 - 113/5)/(7/(-105)) is divided by 60?
54
Suppose a = 2*a - 134. Let n = -29 + 29. Suppose 4*l + k - 137 = n, 3*k + 4 = 7. What is the remainder when a is divided by l?
32
Let l = -9 + 11. Suppose l*z = -0*z + 12. Calculate the remainder when 20 + 1 - (-6)/z is divided by 12.
10
Suppose 5*x - 2 = -4*u, -4*u + 6*u - 2*x = 10. Suppose 2*c + 3*c + 3*k = 6, -k - 9 = -2*c. What is the remainder when 5 + u*(-2)/c is divided by 1?
0
Suppose -3*g + 36 = -12. Suppose -2*f + 8 = -g. Suppose 3*t = 2*q - t - f, 4*q - 2*t - 18 = 0. Calculate the remainder when 6 is divided by q.
2
Suppose 4*z = -27 + 299. Calculate the remainder when z is divided by 35.
33
Suppose -4*p + 5*h + 98 = -114, -162 = -3*p + 3*h. What is the remainder when p is divided by 15?
13
Let g = -465 - -476. What is the remainder when 769 is divided by g?
10
Let r(f) = -f**3 - 22*f**2 - 20*f + 21. Let l be r(-21). Calculate the remainder when (-8)/(-24)*(29 - (l + 2)) is divided by 7.
2
Let z(g) = g**3 - 8*g**2 + 10*g - 8. Suppose 0 = -5*h + 34 + 1. Let u = -7 + 16. What is the remainder when z(h) is divided by u?
4
Let i = 248 + -204. Calculate the remainder when i is divided by 33.
11
Let m = 283 + -271. What is the remainder when 309 is divided by m?
9
Calculate the remainder when (465/(-20))/(16/(-64)) is divided by 19.
17
Suppose 3*l - 52 = -18*t + 22*t, -2*t = -l + 20. Suppose k + k = 92. What is the remainder when k is divided by l?
10
Calculate the remainder when 98/4 + -3*4/24 is divided by ((-3)/(-6))/(2/36).
6
Suppose -3*p = -5*s - 5, 9 = 3*p - 3*s - 0*s. Let m be (2 - (-20)/(-3))*-3. Calculate the remainder when p is divided by ((-4)/14)/((-2)/m).
1
Suppose -2*x - 198 = -0*w - 5*w, -2*w + 92 = -4*x. Suppose h - 4*h + 4*c + 52 = 0, -4*h = 2*c - 84. Calculate the remainder when w is divided by h.
18
Let x = 82 + -233. What is the remainder when 108 is divided by -2*6/16 - x/4?
34
Let s(l) = 146*l + 159. Calculate the remainder when 297 is divided by s(-1).
11
Let r = -7 - -10. Suppose -3*b = 3*t - 48, -t + r*b = b - 31. Suppose 4*d + 4*i = 44, -8*d = -4*d - 5*i - 53. What is the remainder when t is divided by d?
9
Let o = -1051 + 1072. What is the remainder when 78 is divided by o?
15
Let f(b) = 68*b**2 + 13*b + 13. Calculate the remainder when f(-1) is divided by 9.
5
Let o(u) = -u**2 - 8*u + 14. Let d be o(-9). Suppose 4*q - 7 = d. What is the remainder when 5 is divided by q?
2
Let x(c) = c**2 + 4*c. Let k be x(-5). Let u(i) = 2*i - 5. Let b(z) = z - 5. Let f(o) = k*b(o) - 4*u(o). Calculate the remainder when 17 is divided by f(-5).
7
Suppose 7*t + t = 336. Suppose p + 2*p - t = 0. Calculate the remainder when p is divided by 9.
5
Let o(w) be the second derivative of w**3/6 - 13*w**2/2 + 5*w. Let c be o(7). What is the remainder when 28 is divided by ((-4)/c)/(10/225)?
13
Let x = -34 + 104. Let j = x - 34. Calculate the remainder when j is divided by 13.
10
Let r(m) = -m**2 - 5*m - 1. Suppose -31 = -3*f + 4*b, -3*b + b = 8. Let p(n) = n - 7. Let l be p(f). What is the remainder when 12 is divided by r(l)?
2
Let x be (0 + (-66)/(-4))*(-88)/12. Let i = 170 + x. Calculate the remainder when i is divided by 17.
15
Let a(z) = -26*z + 6. Calculate the remainder when 94 is divided by a(0).
4
Let x = -45 + 115. Let s = 8 - -5. Calculate the remainder when x/2 - (-7 + 5) is divided by s.
11
Suppose 2*g - 32 = -0*g. What is the remainder when 30/(-105)*-21 + 88*1 is divided by g?
14
Let f(h) = -h - 11. Let t be f(-13). Let i = 4 + t. What is the remainder when 29 is divided by i?
5
Let a(s) = -4*s. Suppose 18*i = 13*i + 5. Suppose -f = 5*k + 29, 2*k = -4*f - i - 25. What is the remainder when 62 is divided by a(f)?
14
Let n = -28 - -51. Let a = -75 - -68. Let g = n + a. Calculate the remainder when g is divided by 6.
4
Let o = 515 + -460. Calculate the remainder when 213 is divided by o.
48
Calculate the remainder when 364 is divided by 2 - ((-600)/(-70))/((-4)/42).
88
Suppose 13 + 65 = 2*r. Calculate the remainder when 152 is divided by r.
35
Suppose r + 3*v = -25 + 60, 2*v = 3*r - 72. What is the remainder when 71 is divided by r?
19
Let c = -16 - -22. Suppose 4*m - 3*m + 5*r = 18, 0 = -4*m - 2*r + 36. What is the remainder when m is divided by c?
2
Suppose 0*d = d - 4*g + 4, -3*d - 38 = g. Let k(w) = w - 56. Let x(c) = -14. Let a(r) = -2*k(r) + 9*x(r). Calculate the remainder when 19 is divided by a(d).
9
Suppose 3*a + o = -81, -3*a - 3*o - 41 = 34. Let n be 7/a - 37/(-4). Let y = n + 2. What is the remainder when 42 is divided by y?
9
Suppose 0 = -2*n + 5*n - 4*u - 10, n + 4*u - 14 = 0. What is the remainder when ((-78)/(-10))/((-32)/(-160)) is divided by n?
3
Let f(x) = x**2 - 10*x - 17. Suppose -2*h = -3*h - 6. Let n = h - -11. Calculate the remainder when f(12) is divided by n.
2
Suppose 4*a = -i + 78, -i - i = 3*a - 151. Calculate the remainder when i is divided by 27.
20
Let z be 3 + ((-224)/2)/2. Let b = z + 118. Calculate the remainder when b is divided by -1*(2 - 1) + 23.
21
Let z(h) = 9*h. Calculate the remainder when 82 is divided by z(2).
10
Let x = -1786 - -1827. What is the remainder when 2336 is divided by x?
40
Let s be -192*(6/2)/(-6). Let o = s + -50. What is the remainder when o is divided by 7?
4
Suppose 5 = -h, -3*j + 0*j - h + 61 = 0. Suppose 3*z - 2*z = 4*d - 20, -20 = -5*d. Calculate the remainder when z/(-1*4/86) is divided by j.
20
Suppose -21*p = -517 + 76. What is the remainder when 394 is divided by p?
16
Let u(j) be the first derivative of 4 - 1/4*j**4 + 2*j**2 + 7*j - j**3. What is the remainder when 20 is divided by u(-4)?
6
Let s(y) = -y**3 - 5*y**2 + y + 16. Suppose -r + 15 = -2*i - 6*r, -2*r - 22 = 4*i. What is the remainder when 21 is divided by s(i)?
10
Suppose -59*i + 1570 = 95. Calculate the remainder when 70 is divided by i.
20
Let s(v) = 2*v + 0*v - 15 - 5*v - 3*v. Let m be s(-9). Suppose -2*r = 4*y - 26, 2*y - m = -3*r + y. Calculate the remainder when 38 is divided by r.
12
Let n = 37 + -19. Suppose -q = 14 - 26. What is the remainder when n is divided by q?
6
Let o(i) = -1 + i + i + 1 - 13. Calculate the remainder when 52 is divided by o(11).
7
What is the remainder when 113 is divided by 39/((7/1)/(-14) - -2)?
9
Let d(c) = -3*c - 50. What is the remainder when 85 is divided by d(-18)?
1
Suppose 6*s - s = -10. Let p(r) = -2*r + 1. Let l be p(s). Calculate the remainder when 47 is divided by ((-12)/l)/((-21)/140).
15
Let a(r) = 3*r. Let p be a(8). Calculate the remainder when (-9)/(5/(-6) + (-4)/p) is divided by 6.
3
Let q(t) = -6*t**3 + 5*t**2 + 2*t + 49. Let a(p) = 5*p**3 - 4*p**2 - 2*p - 50. Let g(j) = -5*a(j) - 4*q(j). What is the remainder when g(0) is divided by 8?
6
What is the remainder when 105 is divided by (-22)/(-33)*(6 - (-282)/4)?
3
Suppose -2*z = -a + 3*a + 16, -2*z + a = 28. Let d = 6 + 21. What is the remainder when d is divided by (-171)/z + (-7)/28?
13
Let s be (-4382)/(-5) - 22/55. Suppose -5*c + s - 295 = -2*p, 4*c - 470 = -p. What is the remainder when c is divided by 7?
5
Suppose 33*d = 36*d - q - 18, -5*d = 5*q - 50. Calculate the remainder when 39 is divided by d.
4
Suppose 76 = -15*q + 19*q. Suppose -q*f = -25*f + 336. What is the remainder when 109 is divided by f?
53
Let v(l) = -4*l + 20. Calculate the remainder when 38 is divided by v(3).
6
What is the remainder when 15 is divided by (23 - 7) + 28/(-7)?
3
Suppose -6853 + 2425 = -54*n. Suppose -l - 12 = -2*l. Calculate the remainder when n is divided by l.
10
Let z(i) = 7*i**2 + 2*i + 2. Let p be -3*((-5)/3 - -2). What is the remainder when 11 is divided by z(p)?
4
Let z be 3 - (-63 + (0 - 1)). Suppose 2*d + 3*h - 82 = 0, z - 227 = -4*d - 4*h. Calculate the remainder when d is divided by (3/(-2))/((-6)/80).
18
Suppose p + 105 = -2*p + 4*y, 146 = -5*p - 3*y. Let h = p + 82. Calculate the remainder when h is divided by 13.
12
Suppose q = -2*q + 30. Let x(u) = -u**2 + 4*u + 19. Calculate the remainder when q is divided by x(6).
3
Suppose 32 = 2*i + 44. Let x(m) = -m**3 - 6*m**2 - 5*m + 11. What is the remainder when x(i) is divided by 21?
20
Let z = 285 + 80. Suppose 4*w - z = 99. Calculate the remainder when w is divided by 30.
26
Let j(u) = 5*u + 61. Let m be j(-11). Suppose m*h = -h + 301. What is the remainder when 212 is divided by h?
40
L